09783 and 1914.
87
What is the greatest common factor of 12 and 2523?
3
Calculate the highest common factor of 16848 and 3952.
208
Calculate the highest common divisor of 329 and 56.
7
What is the greatest common divisor of 23 and 37329?
23
Calculate the greatest common divisor of 68 and 85.
17
Calculate the greatest common divisor of 160352 and 2272.
32
What is the greatest common divisor of 324059 and 4193?
599
What is the highest common divisor of 5778955 and 91?
91
Calculate the greatest common factor of 28244 and 921.
307
Calculate the greatest common divisor of 324 and 12501.
27
What is the highest common divisor of 3624 and 288?
24
Calculate the greatest common divisor of 126608 and 193.
193
Calculate the greatest common divisor of 693 and 10902969.
693
Calculate the highest common factor of 120 and 37700.
20
What is the greatest common divisor of 9905 and 4528?
283
Calculate the greatest common factor of 12 and 108492.
12
What is the greatest common factor of 14703 and 29913?
507
What is the highest common factor of 44 and 10142?
22
What is the greatest common factor of 5394 and 3162?
186
What is the greatest common divisor of 131079 and 156?
39
What is the highest common divisor of 3879 and 18?
9
Calculate the greatest common divisor of 566258 and 2002.
154
Calculate the greatest common divisor of 45392 and 16.
16
Calculate the highest common divisor of 4038 and 2856212.
1346
What is the greatest common factor of 75 and 1965?
15
What is the highest common divisor of 68 and 509422?
34
What is the greatest common factor of 9950 and 400?
50
What is the highest common divisor of 75400 and 1006200?
2600
Calculate the highest common factor of 1292 and 5651854.
646
What is the greatest common divisor of 47660 and 20?
20
What is the highest common divisor of 85 and 175185?
85
Calculate the highest common divisor of 973755 and 25.
5
Calculate the highest common divisor of 126 and 12322296.
126
What is the greatest common factor of 1828202 and 214?
214
Calculate the greatest common factor of 318 and 2429202.
318
Calculate the greatest common divisor of 4020 and 8748.
12
What is the greatest common factor of 776 and 1519796?
388
Calculate the greatest common divisor of 25730 and 2480.
310
Calculate the highest common divisor of 1205654 and 1688.
422
What is the highest common divisor of 266 and 3024762?
38
What is the highest common divisor of 140 and 12110?
70
Calculate the highest common divisor of 318 and 121158.
318
Calculate the highest common divisor of 2684 and 396.
44
What is the greatest common factor of 292825 and 650?
325
Calculate the highest common divisor of 91 and 74893.
91
Calculate the highest common factor of 20239 and 481.
37
Calculate the highest common factor of 484757 and 65.
13
Calculate the greatest common divisor of 64 and 242176.
64
What is the highest common factor of 1421124 and 437?
437
What is the greatest common factor of 1900464 and 36?
12
What is the highest common divisor of 2062173 and 1101?
1101
What is the highest common divisor of 2955 and 1455?
15
What is the greatest common divisor of 801 and 93539?
89
What is the highest common factor of 170039 and 805?
23
What is the highest common divisor of 12180 and 564?
12
Calculate the highest common divisor of 5540 and 60.
20
What is the highest common divisor of 54 and 8604?
18
Calculate the greatest common factor of 3850 and 1156925.
1925
What is the highest common divisor of 36 and 1296?
36
What is the highest common divisor of 897299 and 897?
299
Calculate the greatest common factor of 406 and 72094.
58
Calculate the highest common factor of 6 and 575142.
6
What is the highest common factor of 56791 and 23275?
931
Calculate the highest common factor of 7284726 and 1818.
1818
Calculate the highest common factor of 1491 and 1046469.
213
Calculate the greatest common divisor of 4147 and 2204.
29
Calculate the highest common factor of 34517 and 14.
7
What is the highest common factor of 16245 and 360?
45
Calculate the greatest common factor of 15612 and 60.
12
What is the highest common divisor of 148043 and 28?
7
What is the greatest common factor of 294087 and 334?
167
Calculate the greatest common factor of 475 and 43035.
95
What is the highest common factor of 86458 and 16124?
278
What is the greatest common factor of 11092 and 180?
4
What is the greatest common factor of 106225 and 31150?
175
Calculate the highest common factor of 405964 and 13.
13
What is the greatest common factor of 176 and 7788?
44
Calculate the highest common divisor of 316767 and 4785.
957
Calculate the highest common divisor of 1025097 and 1146.
573
Calculate the greatest common divisor of 37448 and 24.
8
Calculate the greatest common divisor of 3831 and 2319.
3
Calculate the highest common divisor of 1816473 and 58.
29
Calculate the highest common factor of 7272 and 386325.
909
Calculate the highest common factor of 50 and 350050.
50
Calculate the highest common divisor of 361244 and 156.
52
Calculate the greatest common factor of 23388233 and 11.
11
What is the highest common factor of 461 and 368800?
461
Calculate the highest common factor of 324 and 28.
4
What is the greatest common divisor of 1665 and 23421?
111
What is the greatest common divisor of 18 and 42993?
9
What is the highest common divisor of 17 and 676549?
17
What is the greatest common divisor of 45645 and 204?
51
Calculate the greatest common divisor of 72 and 3624.
24
What is the greatest common factor of 1729 and 13699?
133
What is the highest common factor of 1178 and 23839?
31
What is the greatest common divisor of 37485 and 252?
63
Calculate the highest common divisor of 121989 and 222.
111
What is the greatest common factor of 91 and 475033?
13
What is the greatest common factor of 1048044 and 204?
12
Calculate the greatest common divisor of 1275 and 489345.
255
What is the highest common factor of 8010 and 171770?
890
What is the highest common factor of 470872 and 568?
568
Calculate the highest common factor of 792 and 152748.
36
What is the highest common divisor of 10867049 and 1063?
1063
Calculate the greatest common factor of 42 and 6916.
14
Calculate the greatest common factor of 7616 and 5474.
238
What is the greatest common divisor of 114 and 10393?
19
Calculate the greatest common divisor of 2134 and 1746.
194
What is the greatest common factor of 87 and 87841?
29
What is the highest common factor of 231732 and 1570?
314
What is the greatest common divisor of 57 and 174781?
19
Calculate the greatest common factor of 2376 and 9064.
88
What is the highest common factor of 104 and 752?
8
Calculate the greatest common factor of 4778 and 17.
1
Calculate the highest common factor of 55 and 1175086.
11
What is the highest common factor of 1148 and 101516?
164
What is the highest common divisor of 42 and 6803902?
14
What is the greatest common factor of 27996 and 16?
4
What is the highest common divisor of 2155580 and 1068?
356
Calculate the greatest common factor of 29725 and 175.
25
Calculate the highest common divisor of 440580 and 156.
12
Calculate the greatest common factor of 13870 and 8030.
730
Calculate the highest common factor of 21 and 2655.
3
Calculate the greatest common factor of 1206095 and 11.
11
What is the greatest common factor of 168655 and 267?
89
What is the greatest common divisor of 1188 and 50364?
36
Calculate the greatest common divisor of 265712 and 80.
16
Calculate the highest common factor of 1748 and 575.
23
Calculate the greatest common factor of 130 and 30490.
10
What is the greatest common divisor of 56 and 72792?
8
Calculate the greatest common divisor of 933991 and 37.
37
Calculate the greatest common divisor of 3766 and 22.
2
What is the greatest common factor of 323 and 234821?
323
What is the highest common factor of 459 and 595?
17
Calculate the greatest common factor of 230 and 1094708.
46
Calculate the highest common factor of 115160 and 440.
40
What is the highest common divisor of 65636 and 31204?
1076
Calculate the highest common divisor of 324 and 3334716.
108
Calculate the highest common factor of 139659 and 78.
39
What is the highest common factor of 4073 and 5?
1
Calculate the highest common divisor of 15031701 and 53.
53
What is the greatest common factor o